{"id":278,"date":"2014-10-21T23:43:42","date_gmt":"2014-10-21T23:43:42","guid":{"rendered":"http:\/\/umis.ipsantarem.pt\/?page_id=278"},"modified":"2014-10-23T19:04:05","modified_gmt":"2014-10-23T19:04:05","slug":"finalidade","status":"publish","type":"page","link":"https:\/\/umis.ipsantarem.pt\/?page_id=278","title":{"rendered":"Finalidade"},"content":{"rendered":"<p style=\"text-align: justify;\">No \u00e2mbito dos objetivos fundamentais do LABORAT\u00d3RIO DE INVESTIGA\u00c7\u00c3O EM DESPORTO E SA\u00daDE (LIDS), integram-se os objetivos da UMIS &#8211; Escola Superior de Sa\u00fade de Santar\u00e9m (ESSS), antes referenciados.<\/p>\n<p style=\"text-align: justify;\">Descrevemos as a\u00e7\u00f5es inerentes aos objetivos da UMIS, no que concerne em termos gen\u00e9ricos \u00e0 inova\u00e7\u00e3o e desenvolvimento, sempre numa perspetiva de \u00eanfase \u00e0 promo\u00e7\u00e3o da investiga\u00e7\u00e3o.<\/p>\n<p style=\"text-align: justify;\">1) <strong>Desenvolvimento de estudos na \u00e1rea das ci\u00eancias da sa\u00fade<\/strong>: decorrente da miss\u00e3o e atribui\u00e7\u00f5es da ESSS, o desenvolvimento de estudos nas ci\u00eancias da sa\u00fade \u00e9 assegurado pelos docentes doutorados, particularmente os de carreira e\/ou a tempo integral, com forma\u00e7\u00e3o especializada em cada t\u00e9cnica indicada, atrav\u00e9s dos seus projetos de investiga\u00e7\u00e3o e enquadramento de doutorandos e mestrandos, e pelos docentes em fase de doutoramento. Objetiva-se particularmente a aquisi\u00e7\u00e3o de equipamento que possibilite o desenvolvimento da linha de investiga\u00e7\u00e3o definida para a escola, o desenvolvimento de trabalhos acad\u00e9micos (de que se salientam os relat\u00f3rios de est\u00e1gio, conducentes ao grau de mestre), a publica\u00e7\u00e3o de trabalhos \/ livros, o desenvolvimento de parcerias com outros centros de investiga\u00e7\u00e3o (Centro de Investiga\u00e7\u00e3o Interdisciplinar em Sa\u00fade &#8211; CIIS, do Instituto de Ci\u00eancias da Sa\u00fade. Universidade Cat\u00f3lica Portuguesa), bem como o aumento do potencial de obten\u00e7\u00e3o de financiamento de projetos de investiga\u00e7\u00e3o.<\/p>\n<p style=\"text-align: justify;\">Neste \u00e2mbito, para al\u00e9m dos projetos de doutoramento em curso e dos estudos associados aos presentes projetos, o coordenador da UMIS vem de novo propor o desenvolvimento de um estudo, a partir da an\u00e1lise de conceitos desenvolvidos nos relat\u00f3rios de est\u00e1gio do curso de mestrado em enfermagem, mobilizando todas as \u00e1reas de especializa\u00e7\u00e3o. Este \u00e9 um estudo de an\u00e1lise da metodologia utilizada de forma transversal em todos os relat\u00f3rios conclu\u00eddos (at\u00e9 28 de fevereiro de 2014), bem como do contributo cient\u00edfico, mobilizando uma perspetiva de classifica\u00e7\u00e3o hol\u00e1rquica do conhecimento (Fawcett, 2005; 2012);<\/p>\n","protected":false},"excerpt":{"rendered":"<p>No \u00e2mbito dos objetivos fundamentais do LABORAT\u00d3RIO DE INVESTIGA\u00c7\u00c3O EM DESPORTO E SA\u00daDE (LIDS), integram-se os objetivos da UMIS &#8211; Escola Superior de Sa\u00fade de Santar\u00e9m (ESSS), antes referenciados. Descrevemos as a\u00e7\u00f5es inerentes aos objetivos da UMIS, no que concerne em termos gen\u00e9ricos \u00e0 inova\u00e7\u00e3o e desenvolvimento, sempre numa perspetiva de \u00eanfase \u00e0 promo\u00e7\u00e3o da&hellip;&nbsp;<a href=\"https:\/\/umis.ipsantarem.pt\/?page_id=278\" class=\"\" rel=\"bookmark\">Ler mais &raquo;<span class=\"screen-reader-text\">Finalidade<\/span><\/a><\/p>\n","protected":false},"author":1,"featured_media":0,"parent":37,"menu_order":0,"comment_status":"closed","ping_status":"closed","template":"","meta":{"neve_meta_sidebar":"","neve_meta_container":"","neve_meta_enable_content_width":"","neve_meta_content_width":0,"neve_meta_title_alignment":"","neve_meta_author_avatar":"","neve_post_elements_order":"","neve_meta_disable_header":"","neve_meta_disable_footer":"","neve_meta_disable_title":"","footnotes":""},"class_list":["post-278","page","type-page","status-publish","hentry"],"_links":{"self":[{"href":"https:\/\/umis.ipsantarem.pt\/index.php?rest_route=\/wp\/v2\/pages\/278"}],"collection":[{"href":"https:\/\/umis.ipsantarem.pt\/index.php?rest_route=\/wp\/v2\/pages"}],"about":[{"href":"https:\/\/umis.ipsantarem.pt\/index.php?rest_route=\/wp\/v2\/types\/page"}],"author":[{"embeddable":true,"href":"https:\/\/umis.ipsantarem.pt\/index.php?rest_route=\/wp\/v2\/users\/1"}],"replies":[{"embeddable":true,"href":"https:\/\/umis.ipsantarem.pt\/index.php?rest_route=%2Fwp%2Fv2%2Fcomments&post=278"}],"version-history":[{"count":4,"href":"https:\/\/umis.ipsantarem.pt\/index.php?rest_route=\/wp\/v2\/pages\/278\/revisions"}],"predecessor-version":[{"id":360,"href":"https:\/\/umis.ipsantarem.pt\/index.php?rest_route=\/wp\/v2\/pages\/278\/revisions\/360"}],"up":[{"embeddable":true,"href":"https:\/\/umis.ipsantarem.pt\/index.php?rest_route=\/wp\/v2\/pages\/37"}],"wp:attachment":[{"href":"https:\/\/umis.ipsantarem.pt\/index.php?rest_route=%2Fwp%2Fv2%2Fmedia&parent=278"}],"curies":[{"name":"wp","href":"https:\/\/api.w.org\/{rel}","templated":true}]}}